{"id":1763,"date":"2022-01-05T08:53:34","date_gmt":"2022-01-05T07:53:34","guid":{"rendered":"https:\/\/www.htlw10.at\/edu\/?page_id=1763"},"modified":"2023-12-14T10:45:36","modified_gmt":"2023-12-14T09:45:36","slug":"ausbildung-ab-17","status":"publish","type":"page","link":"https:\/\/www.htlwien10.at\/edu\/index.php\/ausbildung-ab-17\/","title":{"rendered":"Ausbildung ab 17"},"content":{"rendered":"<div data-colibri-id=\"1763-c1\" class=\"style-1345 style-local-1763-c1 position-relative\">\n  <!---->\n  <div data-colibri-component=\"section\" data-colibri-id=\"1763-c2\" id=\"content\" class=\"h-section h-section-global-spacing d-flex align-items-lg-center align-items-md-center align-items-center style-1346 style-local-1763-c2 position-relative\">\n    <!---->\n    <!---->\n    <div class=\"h-section-grid-container h-section-fluid-container\">\n      <!---->\n      <div data-colibri-id=\"1763-c3\" class=\"h-row-container gutters-row-lg-0 gutters-row-md-0 gutters-row-2 gutters-row-v-lg-0 gutters-row-v-md-0 gutters-row-v-2 style-1347 style-local-1763-c3 position-relative\">\n        <!---->\n        <div class=\"h-row justify-content-lg-center justify-content-md-center justify-content-center align-items-lg-stretch align-items-md-stretch align-items-stretch gutters-col-lg-0 gutters-col-md-0 gutters-col-2 gutters-col-v-lg-0 gutters-col-v-md-0 gutters-col-v-2\">\n          <!---->\n          <div class=\"h-column h-column-container d-flex h-col-lg-auto h-col-md-auto h-col-auto style-1348-outer style-local-1763-c4-outer\">\n            <div data-colibri-id=\"1763-c4\" class=\"d-flex h-flex-basis h-column__inner h-px-lg-0 h-px-md-0 h-px-0 v-inner-lg-0 v-inner-md-0 v-inner-0 style-1348 style-local-1763-c4 position-relative\">\n              <!---->\n              <!---->\n              <div class=\"w-100 h-y-container h-column__content h-column__v-align flex-basis-100 align-self-lg-start align-self-md-start align-self-start\">\n                <!---->\n                <div data-colibri-id=\"1763-c5\" class=\"h-global-transition-all h-heading style-1350 style-local-1763-c5 position-relative h-element\">\n                  <!---->\n                  <div class=\"h-heading__outer style-1350 style-local-1763-c5\">\n                    <!---->\n                    <!---->\n                    <h2 class=\"\">Aufbaulehrgang<\/h2>\n                  <\/div>\n                <\/div>\n                <div data-colibri-id=\"1763-c6\" class=\"h-text h-text-component style-1351 style-local-1763-c6 position-relative h-element\">\n                  <!---->\n                  <!---->\n                  <div class=\"\">\n                    <p>Ausgewogene Kombination aus Allgemeinbildung, theoretischer und praktischer Berufsausbildung.<\/p>\n                  <\/div>\n                <\/div>\n                <div data-colibri-id=\"1763-c7\" class=\"h-text h-text-component style-1351 style-local-1763-c7 position-relative h-element\">\n                  <!---->\n                  <!---->\n                  <div class=\"\">\n                    <p>\n                      <a href=\"https:\/\/www.htlwien10.at\/edu\/index.php\/elektronik\" style=\"font-weight: 700;\"><strong>ELEKTRONIK und TECHNISCHE INFORMATIK mit dem Schwerpunkt \u201eNetzwerktechnik und Embedded Systems\u201c<\/strong><\/a>\n                    <\/p>\n                  <\/div>\n                <\/div>\n                <div data-colibri-id=\"1763-c8\" class=\"h-text h-text-component style-1351 style-local-1763-c8 position-relative h-element\">\n                  <!---->\n                  <!---->\n                  <div class=\"\">\n                    <p>\n                      <a href=\"https:\/\/www.htlwien10.at\/edu\/index.php\/elektrotechnik\" style=\"font-weight: 700;\"><strong>ELEKTROTECHNIK mit Schwerpunkt &#8222;Nachhaltiges Energiemanagemen<\/strong>t&#8220;<\/a>\n                      <br>\n                    <\/p>\n                  <\/div>\n                <\/div>\n                <div data-colibri-id=\"1763-c9\" class=\"h-text h-text-component style-1351 style-local-1763-c9 position-relative h-element\">\n                  <!---->\n                  <!---->\n                  <div class=\"\">\n                    <p>\n                      <a href=\"https:\/\/www.htlwien10.at\/edu\/index.php\/maschinenbau\" style=\"font-weight: 700;\"><strong>MASCHINENBAU mit Schwerpunkt &#8222;Automatisierungstechnik&#8220;<\/strong><\/a>\n                      <br>\n                    <\/p>\n                  <\/div>\n                <\/div>\n                <div data-colibri-id=\"1763-c10\" class=\"h-row-container gutters-row-lg-2 gutters-row-md-2 gutters-row-0 gutters-row-v-lg-2 gutters-row-v-md-2 gutters-row-v-0 style-1352 style-local-1763-c10 position-relative\">\n                  <!---->\n                  <div class=\"h-row justify-content-lg-center justify-content-md-center justify-content-center align-items-lg-stretch align-items-md-stretch align-items-stretch gutters-col-lg-2 gutters-col-md-2 gutters-col-0 gutters-col-v-lg-2 gutters-col-v-md-2 gutters-col-v-0\">\n                    <!---->\n                    <div class=\"h-column h-column-container d-flex h-col-lg-6 h-col-md-6 h-col-6 style-1353-outer style-local-1763-c11-outer\">\n                      <div data-colibri-id=\"1763-c11\" class=\"d-flex h-flex-basis h-column__inner h-px-lg-0 h-px-md-0 h-px-0 v-inner-lg-0 v-inner-md-0 v-inner-0 style-1353 style-local-1763-c11 position-relative\">\n                        <!---->\n                        <!---->\n                        <div class=\"w-100 h-y-container h-column__content h-column__v-align flex-basis-100 align-self-lg-start align-self-md-start align-self-start\">\n                          <!---->\n                          <div data-colibri-id=\"1763-c12\" class=\"h-global-transition-all h-heading style-1354 style-local-1763-c12 position-relative h-element\">\n                            <!---->\n                            <div class=\"h-heading__outer style-1354 style-local-1763-c12\">\n                              <!---->\n                              <!---->\n                              <h5 class=\"\">zielgruppe<\/h5>\n                            <\/div>\n                          <\/div>\n                          <div data-colibri-id=\"1763-c13\" class=\"h-text h-text-component style-1355 style-local-1763-c13 position-relative h-element\">\n                            <!---->\n                            <!---->\n                            <div class=\"\">\n                              <p>Alle Personen mit einem erfolgreichen Abschluss<\/p>\n                              <ul>\n                                <li>einer einschl\u00e4gigen <strong>Fachschule<\/strong><\/li>\n                                <li>eines technischen <strong>Vorbereitungslehrgangs<\/strong><\/li>\n                                <li>eines entsprechenden <strong>Lehrberufs (Lehrabschluss)<\/strong><\/li>\n                                <li>einer einschl\u00e4gigen <strong>Werkmeisterschule<\/strong><\/li>\n                              <\/ul>\n                            <\/div>\n                          <\/div>\n                          <div data-colibri-id=\"1763-c14\" class=\"h-global-transition-all h-heading style-1354 style-local-1763-c14 position-relative h-element\">\n                            <!---->\n                            <div class=\"h-heading__outer style-1354 style-local-1763-c14\">\n                              <!---->\n                              <!---->\n                              <h5 class=\"\">Abschluss<\/h5>\n                            <\/div>\n                          <\/div>\n                          <div data-colibri-id=\"1763-c15\" class=\"h-text h-text-component style-1355 style-local-1763-c15 position-relative h-element\">\n                            <!---->\n                            <!---->\n                            <div class=\"\">\n                              <p>Reife- und Diplompr\u00fcfung\n                                <br>Verfassen einer Diplomarbeit<\/p>\n                            <\/div>\n                          <\/div>\n                        <\/div>\n                      <\/div>\n                    <\/div>\n                    <div class=\"h-column h-column-container d-flex h-col-lg-6 h-col-md-6 h-col-6 style-1353-outer style-local-1763-c16-outer\">\n                      <div data-colibri-id=\"1763-c16\" class=\"d-flex h-flex-basis h-column__inner h-px-lg-0 h-px-md-0 h-px-0 v-inner-lg-0 v-inner-md-0 v-inner-0 style-1353 style-local-1763-c16 position-relative\">\n                        <!---->\n                        <!---->\n                        <div class=\"w-100 h-y-container h-column__content h-column__v-align flex-basis-100 align-self-lg-start align-self-md-start align-self-start\">\n                          <!---->\n                          <div data-colibri-id=\"1763-c17\" class=\"h-global-transition-all h-heading style-1354 style-local-1763-c17 position-relative h-element\">\n                            <!---->\n                            <div class=\"h-heading__outer style-1354 style-local-1763-c17\">\n                              <!---->\n                              <!---->\n                              <h5 class=\"\">dauer<\/h5>\n                            <\/div>\n                          <\/div>\n                          <div data-colibri-id=\"1763-c18\" class=\"h-text h-text-component style-1355 style-local-1763-c18 position-relative h-element\">\n                            <!---->\n                            <!---->\n                            <div class=\"\">\n                              <p>Je nach Vorbildung 4 bis 5 Semester (2 bis 2,5 Jahre)<\/p>\n                            <\/div>\n                          <\/div>\n                          <div data-colibri-id=\"1763-c19\" class=\"h-global-transition-all h-heading style-1354 style-local-1763-c19 position-relative h-element\">\n                            <!---->\n                            <div class=\"h-heading__outer style-1354 style-local-1763-c19\">\n                              <!---->\n                              <!---->\n                              <h5 class=\"\">start<\/h5>\n                            <\/div>\n                          <\/div>\n                          <div data-colibri-id=\"1763-c20\" class=\"h-text h-text-component style-1355 style-local-1763-c20 position-relative h-element\">\n                            <!---->\n                            <!---->\n                            <div class=\"\">\n                              <p>Der 5-semestrige Lehrgang beginnt im Februar (Sommersemester)<\/p>\n                              <p>Der 4-semestrige Lehrgang beginnt im September (Wintersemester)<\/p>\n                            <\/div>\n                          <\/div>\n                          <div data-colibri-id=\"1763-c21\" class=\"h-x-container style-2833 style-local-1763-c21 position-relative h-element\">\n                            <!---->\n                            <div class=\"h-x-container-inner style-dynamic-1763-c21-group style-2833-spacing style-local-1763-c21-spacing\"><span class=\"h-button__outer style-2834-outer style-local-1763-c22-outer d-inline-flex h-element\"><a h-use-smooth-scroll=\"true\" href=\"https:\/\/www.htlwien10.at\/edu\/index.php\/anmeldung-ab-17\/\"  data-colibri-id=\"1763-c22\" class=\"d-flex w-100 align-items-center h-button justify-content-lg-center justify-content-md-center justify-content-center style-2834 style-local-1763-c22 position-relative\"><!----><!----> <span>Anmeldung und Info: Aufbaulehrgang<\/span><\/a>\n                              <\/span>\n                            <\/div>\n                          <\/div>\n                        <\/div>\n                      <\/div>\n                    <\/div>\n                  <\/div>\n                <\/div>\n              <\/div>\n            <\/div>\n          <\/div>\n          <div class=\"h-column h-column-container d-flex h-col-lg-auto h-col-md-auto h-col-auto style-1356-outer style-local-1763-c23-outer\">\n            <div data-colibri-id=\"1763-c23\" class=\"d-flex h-flex-basis h-column__inner h-ui-empty-state-container h-px-lg-0 h-px-md-0 h-px-0 v-inner-lg-0 v-inner-md-0 v-inner-0 style-1356 style-local-1763-c23 position-relative\">\n              <!---->\n              <!---->\n              <div class=\"w-100 h-y-container h-column__content h-column__v-align flex-basis-100\">\n                <!---->\n              <\/div>\n            <\/div>\n          <\/div>\n        <\/div>\n      <\/div>\n      <div data-colibri-id=\"1763-c24\" class=\"h-row-container gutters-row-lg-2 gutters-row-md-2 gutters-row-0 gutters-row-v-lg-2 gutters-row-v-md-2 gutters-row-v-2 style-2902 style-local-1763-c24 position-relative\">\n        <!---->\n        <div class=\"h-row justify-content-lg-center justify-content-md-center justify-content-center align-items-lg-stretch align-items-md-stretch align-items-stretch gutters-col-lg-2 gutters-col-md-2 gutters-col-0 gutters-col-v-lg-2 gutters-col-v-md-2 gutters-col-v-2\">\n          <!---->\n          <div class=\"h-column h-column-container d-flex h-col-lg-auto h-col-md-auto h-col-auto style-2903-outer style-local-1763-c25-outer\">\n            <div data-colibri-id=\"1763-c25\" class=\"d-flex h-flex-basis h-column__inner h-px-lg-2 h-px-md-2 h-px-2 v-inner-lg-2 v-inner-md-2 v-inner-2 style-2903 style-local-1763-c25 position-relative\">\n              <!---->\n              <!---->\n              <div class=\"w-100 h-y-container h-column__content h-column__v-align flex-basis-100 align-self-lg-start align-self-md-start align-self-start\">\n                <!---->\n                <div data-colibri-id=\"1763-c26\" class=\"h-global-transition-all h-heading style-1354 style-local-1763-c26 position-relative h-element\">\n                  <!---->\n                  <div class=\"h-heading__outer style-1354 style-local-1763-c26\">\n                    <!---->\n                    <!---->\n                    <h5 class=\"\">berechtigungen nach Abschluss<\/h5>\n                  <\/div>\n                <\/div>\n                <div data-colibri-id=\"1763-c27\" class=\"h-text h-text-component style-1355 style-local-1763-c27 position-relative h-element\">\n                  <!---->\n                  <!---->\n                  <div class=\"\">\n                    <ul>\n                      <li><strong>Studium an jeder Universit\u00e4t oder Fachhochschule!<\/strong> \u2013 Je nach Studienrichtung k\u00f6nnen durch Anrechnung der HTL-Ausbildung die Studienzeiten erheblich verk\u00fcrzt werden.<\/li>\n                      <li><strong>Sofortiger Berufseinstieg in Wirtschaft und Industrie m\u00f6glich<\/strong>, wodurch nach dreij\u00e4hriger einschl\u00e4giger Berufspraxis der Titel <strong>\u201eIngenieur\u201c<\/strong> bzw. <strong>\u201eIngenieurin\u201c <\/strong>erlangt werden kann.<\/li>\n                      <li><strong>Anerkennung der Berufsberechtigungen im gesamten EU-Raum. <\/strong><\/li>\n                      <li><strong>Zugang zu reglementierten Gewerben nach Erbringung weiterer Erfordernisse<\/strong><\/li>\n                      <li><strong>Recht zur Ablegung der Meisterpr\u00fcfung f\u00fcr eine Anzahl von Handwerken<\/strong><\/li>\n                      <li><strong>Entfall der Unternehmerpr\u00fcfung laut Gewerbeordnung<\/strong><\/li>\n                    <\/ul>\n                  <\/div>\n                <\/div>\n              <\/div>\n            <\/div>\n          <\/div>\n        <\/div>\n      <\/div>\n    <\/div>\n  <\/div>\n<\/div>","protected":false},"excerpt":{"rendered":"<p>Aufbaulehrgang Ausgewogene Kombination aus Allgemeinbildung, theoretischer und praktischer Berufsausbildung. ELEKTRONIK und TECHNISCHE INFORMATIK mit dem Schwerpunkt \u201eNetzwerktechnik und Embedded Systems\u201c ELEKTROTECHNIK mit Schwerpunkt &#8222;Nachhaltiges Energiemanagement&#8220; MASCHINENBAU mit Schwerpunkt &#8222;Automatisierungstechnik&#8220; zielgruppe Alle Personen mit einem erfolgreichen Abschluss einer einschl\u00e4gigen Fachschule eines technischen Vorbereitungslehrgangs eines entsprechenden Lehrberufs (Lehrabschluss) einer einschl\u00e4gigen Werkmeisterschule Abschluss Reife- und Diplompr\u00fcfung Verfassen einer [&hellip;]<\/p>\n","protected":false},"author":1,"featured_media":0,"parent":0,"menu_order":0,"comment_status":"closed","ping_status":"closed","template":"page-templates\/full-width-page.php","meta":[],"_links":{"self":[{"href":"https:\/\/www.htlwien10.at\/edu\/index.php\/wp-json\/wp\/v2\/pages\/1763"}],"collection":[{"href":"https:\/\/www.htlwien10.at\/edu\/index.php\/wp-json\/wp\/v2\/pages"}],"about":[{"href":"https:\/\/www.htlwien10.at\/edu\/index.php\/wp-json\/wp\/v2\/types\/page"}],"author":[{"embeddable":true,"href":"https:\/\/www.htlwien10.at\/edu\/index.php\/wp-json\/wp\/v2\/users\/1"}],"replies":[{"embeddable":true,"href":"https:\/\/www.htlwien10.at\/edu\/index.php\/wp-json\/wp\/v2\/comments?post=1763"}],"version-history":[{"count":14,"href":"https:\/\/www.htlwien10.at\/edu\/index.php\/wp-json\/wp\/v2\/pages\/1763\/revisions"}],"predecessor-version":[{"id":16632,"href":"https:\/\/www.htlwien10.at\/edu\/index.php\/wp-json\/wp\/v2\/pages\/1763\/revisions\/16632"}],"wp:attachment":[{"href":"https:\/\/www.htlwien10.at\/edu\/index.php\/wp-json\/wp\/v2\/media?parent=1763"}],"curies":[{"name":"wp","href":"https:\/\/api.w.org\/{rel}","templated":true}]}}